*2 - 6*c - 6. Determine s(-2).
-26
Let n(y) = -y**2 - 5*y + 67. Determine n(-11).
1
Let q(s) = s**2 - 12*s + 21. Determine q(4).
-11
Let h(f) = -f**3 - 2*f**2 + 8*f + 5. What is h(-4)?
5
Let w(s) = -s - 13. What is w(-5)?
-8
Let j(n) = n**2 - n + 5. Give j(0).
5
Let z(p) = -2*p**3 - 9*p**2 - 3*p - 34. Calculate z(-5).
6
Let f(g) = -g**3 + 12*g**2 + g + 16. Calculate f(12).
28
Let w(s) = 6*s + 7. Determine w(7).
49
Let i(o) = -18*o - 27. Give i(-2).
9
Let p(l) = 2*l**2 + 57*l + 21. Determine p(-28).
-7
Let y(o) = 8*o - 91. Determine y(7).
-35
Let x(k) = k**2 + 15*k + 36. Give x(-4).
-8
Let r(v) = -v**3 + 5*v**2 - 5*v - 2. Determine r(3).
1
Let m(z) = 2*z**2 - 6*z + 7. Give m(3).
7
Let a(q) = q**2 - q. What is a(-4)?
20
Let k(t) = -3*t - 9. Determine k(5).
-24
Let z(c) = -c**3 - 4*c**2 + c. What is z(-2)?
-10
Let g(c) = -c**2 + 52*c - 359. Calculate g(8).
-7
Let x(c) = -c**2 - 42*c - 77. Calculate x(-38).
75
Let c(g) = -g**2 + 7*g - 10. Calculate c(4).
2
Let j(n) = n**3 + 7*n**2 + n + 10. Give j(-7).
3
Let w(f) = -f**2 + 46*f - 146. Determine w(43).
-17
Let x(f) = f**2 + 11*f - 10. What is x(-12)?
2
Let h(o) = -3*o**2 - 24*o + 44. What is h(-10)?
-16
Let g(x) = -x**3 - 4*x**2 - 3*x + 2. What is g(-3)?
2
Let o(q) = 10*q - 2. What is o(1)?
8
Let d(z) = -8*z**3 + z + 9. Determine d(2).
-53
Let u(p) = -3*p + 17. Determine u(5).
2
Let y(d) = d**3 - 9*d**2 + 7*d + 8. Give y(7).
-41
Let j(l) = l**3 - 25*l**2 - 51*l - 36. What is j(27)?
45
Let w(s) = -s**2 + 13*s - 17. Calculate w(8).
23
Let s(q) = 2*q**2 + q - 4. What is s(3)?
17
Let s(u) = u**2 - 10*u + 22. Determine s(5).
-3
Let u(t) = -t - 57. Calculate u(-43).
-14
Let i(x) = -2*x**3 - 12*x**2 + x + 9. Determine i(-6).
3
Let p(h) = -h + 1. Give p(-2).
3
Let p(m) = -2*m - 17. Calculate p(-15).
13
Let x(y) = -28*y - 3. Determine x(-3).
81
Let p(f) = 2*f - 28. What is p(17)?
6
Let j(i) = 3*i + 2. Determine j(1).
5
Let m(u) = -5*u - 6. Determine m(-2).
4
Let r(o) = -3*o**2 - 6*o - 10. Calculate r(-3).
-19
Let d(r) = r**3 - 8*r**2 - 9*r - 1. What is d(9)?
-1
Let b(i) = -4*i**2 - 3*i + 5. Determine b(-3).
-22
Let y(d) = -30*d**2 + 419*d + 16. Give y(14).
2
Let o(c) = 15*c**2 - 2*c + 10. Give o(0).
10
Let w(i) = -12*i**3 + 5*i + 5. What is w(-1)?
12
Let h(m) = 2*m**2 - m - 7. What is h(0)?
-7
Let m(f) = f**3 - 6*f**2 - 9*f - 2. Determine m(7).
-16
Let q(b) = -b + 12. Determine q(5).
7
Let t(a) = -a**3 + 10*a**2 + 11*a + 4. Give t(10).
114
Let k(z) = -z**2 - 11*z - 2. Calculate k(-8).
22
Let g(r) = -17*r**2 + 26*r. What is g(2)?
-16
Let w(u) = 7*u + 12. Calculate w(4).
40
Let w(s) = -s**3 + 8*s**2 + 9*s - 9. Determine w(7).
103
Let w(n) = 101*n - 1103. Calculate w(11).
8
Let j(x) = 4*x - 35. Determine j(3).
-23
Let w(o) = o**3 + 6*o**2 + o + 16. Determine w(-6).
10
Let v(j) = j**3 - 13*j**2 + 11*j + 40. Give v(12).
28
Let t(d) = -d**2 - 7*d - 7. Determine t(-3).
5
Let k(z) = -51*z - 353. Determine k(-7).
4
Let h(c) = -c**2 + 5*c + 11. What is h(7)?
-3
Let f(a) = 20*a + 3. Determine f(-5).
-97
Let j(o) = -3*o**3 - 13*o**2 - 12. What is j(-6)?
168
Let h(g) = 2*g + 35. Give h(6).
47
Let n(z) = -7*z**2 + 489*z + 76. Give n(70).
6
Let l(h) = -3*h**2 + 25*h - 41. What is l(7)?
-13
Let a(m) = -m**3 - 10*m**2 + 17*m + 52. Calculate a(-11).
-14
Let c(r) = -r**3 - r**2 + 2*r - 3. Determine c(-3).
9
Let d(c) = c**2 + 6*c + 1. Give d(-7).
8
Let x(w) = w**2 - 20*w - 13. What is x(21)?
8
Let b(v) = -7*v**3 - 3*v**2 + 7*v - 2. Give b(1).
-5
Let y(d) = -d + 8. Calculate y(6).
2
Let x(q) = 2*q - 47. What is x(21)?
-5
Let i(f) = -2*f**3 + 5*f**2 + f - 8. Calculate i(-2).
26
Let a(z) = -2*z**3 + 2*z**2 - 4*z. What is a(2)?
-16
Let o(z) = -z**2 - 9*z + 39. Calculate o(-12).
3
Let t(w) = 3*w - 18. Determine t(5).
-3
Let d(i) = 2*i + 4. Calculate d(-6).
-8
Let n(i) = i**3 + 4*i**2 + 6*i + 5. What is n(-4)?
-19
Let q(h) = 2*h**2 + 12*h - 4. Give q(-6).
-4
Let d(k) = 10*k**3 - k**2 + 3*k + 3. Calculate d(-1).
-11
Let w(o) = -o**2 - 14*o + 32. What is w(-14)?
32
Let a(k) = -4*k + 3. Give a(5).
-17
Let i(a) = -a**3 + 7*a**2 + 10*a - 19. Give i(8).
-3
Let x(y) = 4*y**2 - 3*y - 3. Calculate x(-1).
4
Let k(o) = -5*o**3 - 42*o**2 + 27*o + 1. Give k(-9).
1
Let j(a) = -a**2 - 27*a + 2. Give j(-27).
2
Let y(s) = s**3 - 24*s**2 + 41*s + 38. Give y(22).
-28
Let k(m) = m**3 + 10*m**2 + 14*m + 3. Give k(-7).
52
Let m(x) = x - 10. Give m(12).
2
Let i(k) = -k**2 + 25*k + 15. What is i(24)?
39
Let z(x) = x**2 + 21*x - 105. Determine z(-25).
-5
Let j(r) = 2*r**2 - 7*r - 10. Calculate j(-8).
174
Let j(h) = -h**2 + 2. Give j(-4).
-14
Let x(c) = c**3 - 3*c**2 + 2*c + 4. Calculate x(4).
28
Let u(n) = n**3 - 7*n**2 - 3*n + 9. Give u(7).
-12
Let p(x) = 6*x**2 - 39*x + 22. What is p(6)?
4
Let z(u) = -u**3 + 21*u**2 + 20*u + 32. Give z(22).
-12
Let c(l) = l**2 - 10*l + 15. Determine c(9).
6
Let y(u) = u**3 + 16*u**2 + 20*u - 77. What is y(-14)?
35
Let t(z) = z**3 + 3*z - 4. Give t(3).
32
Let s(a) = -a**3 + 9*a**2 + 8*a - 8. What is s(10)?
-28
Let r(a) = -a**3 + 58*a**2 + a - 56. Calculate r(58).
2
Let v(a) = a**2 - 21*a + 1. Determine v(21).
1
Let b(m) = -m**2 - 47*m - 62. Determine b(-46).
-16
Let k(o) = -o**3 + o**2 - o - 2. What is k(4)?
-54
Let z(y) = 72*y + 292. Determine z(-4).
4
Let x(n) = n**3 + 13*n**2 + 9*n - 3. Give x(-12).
33
Let l(b) = b**2 + 2*b - 3. Give l(2).
5
Let b(s) = s - 4. Calculate b(0).
-4
Let g(w) = w**3 + 9*w**2 + 10*w + 17. Calculate g(-8).
1
Let h(a) = -a**3 - 5*a**2 + 7*a - 9. Determine h(-7).
40
Let a(g) = g**3 + 4*g**2 + 15*g + 32. Determine a(-3).
-4
Let n(d) = -d**3 - 5*d**2 - 5*d + 8. Determine n(-2).
6
Let f(p) = p**2 + 21*p - 31. Calculate f(-22).
-9
Let o(z) = -z**2 + 5*z - 10. Determine o(11).
-76
Let p(v) = -2*v**3 + 5*v**2 + 4*v - 8. Determine p(4).
-40
Let a(w) = -2*w - 13. What is a(-7)?
1
Let u(f) = 3*f**3 + f**2 + 2*f + 2. What is u(-2)?
-22
Let o(p) = -p**2 - 6*p + 10. Give o(-8).
-6
Let q(i) = i**2 + 47*i - 312. What is q(-53)?
6
Let y(a) = -a**3 - 15*a**2 + 35*a + 13. Calculate y(-17).
-4
Let l(m) = -3*m + 15. What is l(-11)?
48
Let y(b) = 2*b**2 + 7*b + 5. Give y(-5).
20
Let q(s) = -5*s**3 + s**2. What is q(1)?
-4
Let y(c) = 2*c + 26. What is y(18)?
62
Let i(k) = 29*k**3 - k. Calculate i(-1).
-28
Let d(t) = -t + 2. Calculate d(-3).
5
Let y(m) = 10*m + 130. What is y(-11)?
20
Let a(p) = p**3 - 2*p**2 - 9*p - 3. Give a(5).
27
Let c(k) = -k - 12. Calculate c(-16).
4
Let z(g) = g + 1. What is z(-3)?
-2
Let j(r) = -r - 21. Give j(-9).
-12
Let s(x) = -x**3 - 12*x**2 - 8*x + 10. Determine s(-11).
-23
Let y(w) = w**3 - 56*w**2 + 52*w + 184. What is y(55)?
19
Let m(j) = 13*j + 24. Determine m(-3).
-15
Let m(p) = -8*p + 2. What is m(10)?
-78
Let t(l) = -l**2 + 3*l + 179. What is t(15)?
-1
Let i(j) = 7*j**3 - 8*j**2 - 7*j. Determine i(-1).
-8
Let s(m) = m**3 + 7*m**2 - 8*m + 4. Determine s(-8).
4
Let n(r) = -r**2 + 2*r - 12. Calculate n(0).
-12
Let t(x) = -9*x + 2. What is t(3)?
-25
Let c(h) = h**3 - 17*h**2 + h - 23. Determine c(17).
-6
Let g(u) = u**3 - 3*u**2 - 10*u + 7. Give g(5).
7
Let w(z) = 2*z - 13. What is w(0)?
-13
Let w(t) = t**2 - 38*t - 114. Calculate w(41).
9
Let j(s) = 4*s + 5. What is j(3)?
17
Let r(c) = -3*c**3 + 10*c**2 - 4*c - 9. What is r(4)?
-57
Let b(c) = 53*c + 900. Give b(-17).
-1
Let j(w) = -w**2 - 7*w - 1. What is j(-5)?
9
Let a(u) = -2*u**3 + 47*u**2 - 23*u - 32. What is a(23)?
-32
Let a(b) = -b**2 - 2*b - 1. What is a(6)?
-49
Let t(k) = -k**2 - 9*k - 18. What is t(-5)?
2
Let b(r) = -6*r + 98. Calculate b(13).
20
Let o(v) = -v + 28. What is o(20)?
8
Let z(s) = -3*s**3 + 5*s**2 - 5*s + 7. Calculate z(2).
-7
Let x(i) = 4*i - 3. Calculate x(-6).
-27
Let w(y) = -y**2 - 2*y + 135. What is w(-13)?
-8
Let s(c) = 2*c + 2. What is s(-14)?
-26
Let d(i) = -i**3 + 7*i**2 - 6*i + 2. Give d(7).
-40
Let t(y) = 15*y**3 - 2*y**2 + 2*y - 1. Calculate t(1).
14
Let w(v) = 2*v**2 + 5*v + 2. Give w(-2).
0
Let c(d) = -2*d**2 + 30*d - 109. Determine c(9).
-1
Let a(f) = f**3 - 5*f**2 + 8. Give a(5).
8
Let h(g) = g**2. Determine h(2).
4
Let s(j) = -j**3 - 17*j**2 - 16*j - 4. Determine s(-16).
-4
Let a(n) = 2*n - 9. Calculate a(-9).
-27
Let z(n) = 3*n**3 - 5*n**2 + n + 2. Determine z(3).
41
Let v(g) = -49*g - 252. What is v(-5)?
-7
Let c(u) = -25*u + 1. Give c(1).
-24
Let m(l) = 50*l - 2. Calculate m(-3).
-152
Let